ase 12
6baa
Convert -560 (base 14) to base 10.
-1064
Convert 925 (base 13) to base 10.
1552
Convert 2214 (base 12) to base 9.
5137
What is -1101002 (base 3) in base 7?
-2630
133 (base 13) to base 12
157
Convert -199e3 (base 15) to base 16.
-14526
-1071 (base 9) to base 5
-11133
What is 733 (base 8) in base 7?
1246
What is -11100020 (base 3) in base 2?
-110001011101
What is -a61 (base 14) in base 10?
-2045
Convert 62631 (base 8) to base 16.
6599
Convert 148a (base 16) to base 13.
2516
Convert -c60 (base 16) to base 2.
-110001100000
What is 1332103 (base 4) in base 6?
101231
What is 11253 (base 10) in base 11?
8500
Convert -11165 (base 8) to base 2.
-1001001110101
Convert -102132 (base 6) to base 9.
-12302
Convert -a25 (base 12) to base 13.
-890
What is -1128 (base 9) in base 2?
-1101000100
Convert 806 (base 11) to base 6.
4302
334022 (base 5) to base 10
11762
Convert -198 (base 12) to base 16.
-104
What is 7c4 (base 14) in base 4?
120020
-21344 (base 5) to base 2
-10111000010
Convert -10010111000 (base 2) to base 4.
-102320
What is -21231211 (base 4) in base 10?
-39781
4121 (base 5) to base 12
388
What is -1020110211 (base 3) in base 12?
-12157
What is -b1d (base 15) in base 5?
-40003
What is -111000010010 (base 2) in base 3?
-11221102
What is -10110012 (base 3) in base 16?
-9d4
Convert -11605 (base 8) to base 10.
-4997
Convert 4217 (base 8) to base 5.
32231
What is -102321 (base 5) in base 16?
-d85
489 (base 10) to base 5
3424
2b56a (base 12) to base 8
167542
Convert 3b17 (base 13) to base 12.
4a9a
What is 2333 (base 10) in base 13?
10a6
What is -26651 (base 8) in base 3?
-121000221
-1221222 (base 3) to base 11
-1090
Convert -1b98 (base 13) to base 11.
-3161
Convert e0f (base 16) to base 7.
13331
What is 775 (base 10) in base 13?
478
-103441 (base 5) to base 7
-13362
-1221 (base 4) to base 2
-1101001
Convert 9466 (base 13) to base 14.
76a9
-1548 (base 10) to base 4
-120030
Convert 130103 (base 4) to base 2.
11100010011
4194 (base 16) to base 2
100000110010100
-2164a (base 11) to base 16
-7aa1
4122 (base 5) to base 3
201220
Convert -1942 (base 10) to base 8.
-3626
Convert -10010 (base 4) to base 3.
-100122
What is -345 (base 7) in base 5?
-1210
What is -20321200 (base 4) in base 13?
-13789
270 (base 16) to base 11
518
What is 309 (base 10) in base 12?
219
-24133 (base 5) to base 6
-12145
Convert 25020 (base 9) to base 6.
205413
What is 201 (base 10) in base 4?
3021
Convert -12014 (base 5) to base 11.
-734
What is 526 (base 14) in base 6?
4410
Convert -30862 (base 11) to base 5.
-2414314
What is -2102 (base 3) in base 10?
-65
-3d11 (base 14) to base 15
-32ea
What is -321 (base 11) in base 8?
-602
-5263 (base 7) to base 8
-3502
What is -31541 (base 6) in base 10?
-4309
What is 1041 (base 10) in base 4?
100101
What is 10213 (base 6) in base 13?
81c
Convert 3757 (base 10) to base 13.
1930
-443440 (base 5) to base 6
-155423
Convert -1c55 (base 15) to base 14.
-2359
-8a (base 16) to base 9
-163
Convert -1b29 (base 13) to base 8.
-7773
-43d (base 16) to base 14
-577
What is -4525 (base 8) in base 15?
-a94
669 (base 13) to base 4
101031
cb (base 13) to base 14
bd
What is -55133 (base 7) in base 15?
-4148
Convert 1001101110111101 (base 2) to base 7.
224144
3550 (base 9) to base 5
41022
8b1 (base 12) to base 4
110011
Convert 50122 (base 6) to base 14.
2546
What is -15051 (base 7) in base 11?
-3135
Convert -110100000000 (base 2) to base 11.
-2556
What is 5304 (base 14) in base 8?
33750
What is 244566 (base 8) in base 13?
2c50b
Convert -210122000 (base 3) to base 9.
-23560
1011010000 (base 2) to base 4
23100
372 (base 16) to base 10
882
-585 (base 10) to base 2
-1001001001
6102 (base 14) to base 12
9786
1121210 (base 3) to base 2
10010011110
What is 22212 (base 5) in base 16?
615
What is -3776 (base 9) in base 7?
-11142
What is 1159 (base 12) in base 6?
12553
What is -1506 (base 7) in base 9?
-730
Convert 758 (base 11) to base 15.
40a
What is -870 (base 9) in base 12?
-4b3
Convert -11110110 (base 2) to base 11.
-204
168 (base 16) to base 6
1400
3001 (base 5) to base 7
1045
What is -10328 (base 9) in base 10?
-6830
What is -8277 (base 10) in base 12?
-4959
Convert -599 (base 15) to base 13.
-768
What is 4034 (base 5) in base 10?
519
What is -3543 (base 14) in base 5?
-244041
What is -303021 (base 6) in base 4?
-11312311
What is -1315 (base 10) in base 15?
-5ca
Convert 122112 (base 3) to base 10.
473
What is -da8 (base 15) in base 16?
-c0b
What is -1a48 (base 13) in base 10?
-3947
606 (base 11) to base 13
444
Convert 9a7 (base 11) to base 8.
2266
What is -7 (base 16) in base 5?
-12
Convert 126b (base 16) to base 11.
35a7
-354 (base 15) to base 16
-2f2
b123 (base 12) to base 8
45353
What is -403 (base 12) in base 2?
-1001000011
What is 1248 (base 9) in base 6?
4155
2113 (base 7) to base 8
1351
What is -1080 (base 13) in base 15?
-a36
What is -1022022 (base 3) in base 4?
-32321
-562 (base 11) to base 7
-1651
1330 (base 4) to base 7
235
1000000000001 (base 2) to base 10
4097
7426 (base 9) to base 14
1db5
What is -11131 (base 4) in base 6?
-1341
Convert 1e8 (base 15) to base 4.
12323
Convert -1231 (base 6) to base 2.
-100110011
What is 3a3 (base 12) in base 10?
555
10c9 (base 13) to base 5
33422
525 (base 12) to base 6
3245
Convert 97 (base 13) to base 12.
a4
Convert 2b8 (base 13) to base 12.
349
b2 (base 16) to base 6
454
Convert 2814 (base 9) to base 3.
2220111
What is -14216 (base 7) in base 5?
-111014
97a (base 16) to base 11
1906
Convert 213121 (base 4) to base 5.
40041
-1275 (base 8) to base 13
-41c
Convert -f3 (base 16) to base 15.
-113
10064 (base 9) to base 8
14733
Convert -1881 (base 14) to base 8.
-10511
227300 (base 8) to base 15
17e6e
10001000111 (base 2) to base 10
1095
Convert 414b (base 12) to base 6.
52535
Convert 121022 (base 4) to base 6.
11242
Convert 436 (base 16) to base 8.
2066
Convert 552 (base 8) to base 3.
111102
What is -45517 (base 11) in base 13?
-23c7a
5216 (base 8) to base 11
2037
Convert -1155 (base 10) to base 3.
-1120210
What is 87225 (base 9) in base 10?
57776
Convert 13524 (base 6) to base 9.
2837
What is -1014 (base 10) in base 14?
-526
335 (base 10) to base 11
285
What is 4035 (base 9) in base 6?
21352
Convert -302 (base 5) to base 7.
-140
Convert 7e5a (base 16) to base 14.
bb06
What is b9ab (base 15) in base 13?
14b7c
Convert -3c80 (base 13) to base 2.
-10001000010011
Convert -5402 (base 6) to base 7.
-3401
139 (base 12) to base 11
162
Convert 52040 (base 7) to base 2.
11000110101111
308 (base 13) to base 3
201002
-11 (base 12) to base 14
-d
-627 (base 8) to base 11
-340
345 (base 6) to base 13
a7
110100111 (base 2) to base 13
267
What is -204143 (base 6) in base 15?
-4d39
1faa (base 16) to base 14
2d50
What is 74 (base 16) in base 8?
164
-540 (base 10) to base 13
-327
What is 414 (base 6) in base 5?
1104
-101111010 (base 2) to base 7
-1050
What is -104548 (base 9) in base 3?
-10011121122
Convert -40827 (base 9) to base 13.
-c337
-a2 (base 13) to base 15
-8c
-2102102 (base 4) to base 11
-7041
-2bbb (base 14) to base 9
-11636
Convert 11011010111 (base 2) to base 8.
3327
848 (base 9) to base 13
413
What is -753 (base 13) in base 7?
-3435
Convert 2220011 (base 3) to base 10.
2110
What is 1965 (base 11) in base 15?
b11
Convert 3bb (base 14) to base 3.
1000220
What is 421 (base 10) in base 16?
1a5
-210220 (base 4) to base 8
-4450
1ca (base 15) to base 12
2a7
-464 (base 14) to base 9
-1168
What is 90 (base 15) in base 13?
a5
What is -220020220 (base 3) in base 5?
-1031212
What is 830 (base 15) in base 11?
1428
311 (base 11) to base 13
22b
-13025 (base 13) to base 9
-53232
11523 (base 6) to base 4
122223
Convert -344433 (base 5) to base 3.
-122010201
Convert -100020121 (base 3) to base 16.
-1a53
What is 5aa (base 13) in base 8?
1731
Convert 100011011010 (base 2) to base 15.
a11
Convert 863 (base 11) to base 7.
3011
Convert 290 (base 11) to base 13.
203
Convert 31b (base 13) to base 11.
443
-113000 (base 4) to base 15
-682
What is -a749 (base 12) in base 16?
-47a9
Convert -1343 (base 12) to base 13.
-1011
What is -23d (base 14) in base 4?
-12333
What is -20242 (base 7) in base 16?
-1342
1a23 (base 14) to base 16
127f
What is -23023310 (base 4) in base 12?
-22618
Convert bbb8 (base 14) to base 3.
1122120210
157 (base 15) to bas